{"id":60341,"date":"2026-03-06T19:11:15","date_gmt":"2026-03-06T19:11:15","guid":{"rendered":"https:\/\/emergeamericas.com\/session\/talent-as-national-infrastructure-building-the-workforce-powering-americas-innovation-economy\/"},"modified":"2026-04-26T07:26:56","modified_gmt":"2026-04-26T07:26:56","slug":"talent-as-national-infrastructure-building-the-workforce-powering-americas-innovation-economy","status":"publish","type":"session","link":"https:\/\/emergeamericas.com\/es\/session\/talent-as-national-infrastructure-building-the-workforce-powering-americas-innovation-economy\/","title":{"rendered":"El talento como infraestructura nacional: La creaci\u00f3n de la mano de obra que impulsa la econom\u00eda innovadora de Estados Unidos"},"content":{"rendered":"","protected":false},"excerpt":{"rendered":"<p>A medida que se acelera la competencia mundial y las tecnolog\u00edas emergentes reconfiguran las industrias, el talento se ha convertido en uno de los activos estrat\u00e9gicos m\u00e1s importantes del pa\u00eds. En esta conversaci\u00f3n intersectorial, Madeline Pumariega, Presidenta del Miami Dade College, J. Alex Kelly, Secretario de Comercio de Florida, y Rania Succar, Directora General de Kaseya, exploran c\u00f3mo los sistemas educativos, la estrategia de desarrollo econ\u00f3mico y la innovaci\u00f3n del sector privado se est\u00e1n alineando para construir la mano de obra que impulsa la econom\u00eda de la innovaci\u00f3n de Estados Unidos. Moderado por Jaret Davis, de Greenberg Traurig, el debate examina c\u00f3mo los itinerarios basados en competencias, la formaci\u00f3n en tecnolog\u00eda aplicada y los ecosistemas regionales de innovaci\u00f3n est\u00e1n ampliando las oportunidades al tiempo que refuerzan la competitividad nacional. Desde los canales de talento y la colaboraci\u00f3n p\u00fablico-privada hasta el papel de las empresas tecnol\u00f3gicas de r\u00e1pido crecimiento en el desarrollo de la mano de obra, esta sesi\u00f3n sit\u00faa el talento no s\u00f3lo como mano de obra, sino como infraestructura nacional.<\/p>","protected":false},"featured_media":0,"template":"","meta":{"_acf_changed":false,"_lmt_disableupdate":"","_lmt_disable":"","_links_to":"","_links_to_target":""},"tags":[503],"stage":[406],"topic":[472,471,413,392,410],"speaker-year":[],"class_list":["post-60341","session","type-session","status-publish","hentry","tag-503","stage-main-stage","topic-legaltech","topic-florida-innovation","topic-edtech","topic-entrepreneurship-scaling","topic-investment-funding"],"acf":[],"yoast_head":"<!-- This site is optimized with the Yoast SEO Premium plugin v27.1 (Yoast SEO v27.4) - https:\/\/yoast.com\/product\/yoast-seo-premium-wordpress\/ -->\n<title>Talent as National Infrastructure: Building the Workforce Powering America\u2019s Innovation Economy - eMerge Americas<\/title>\n<meta name=\"robots\" content=\"index, follow, max-snippet:-1, max-image-preview:large, max-video-preview:-1\" \/>\n<link rel=\"canonical\" href=\"https:\/\/emergeamericas.com\/es\/session\/talent-as-national-infrastructure-building-the-workforce-powering-americas-innovation-economy\/\" \/>\n<meta property=\"og:locale\" content=\"es_ES\" \/>\n<meta property=\"og:type\" content=\"article\" \/>\n<meta property=\"og:title\" content=\"Talent as National Infrastructure: Building the Workforce Powering America\u2019s Innovation Economy\" \/>\n<meta property=\"og:description\" content=\"As global competition accelerates and emerging technologies reshape industries, talent has become one of the nation\u2019s most critical strategic assets. In this cross-sector conversation, Madeline Pumariega, President of Miami Dade College, Florida Secretary of Commerce J. Alex Kelly, and Rania Succar, CEO of Kaseya, explore how education systems, economic development strategy, and private-sector innovation are aligning to build the workforce powering America\u2019s innovation economy. Moderated by Jaret Davis of Greenberg Traurig, the discussion examines how skills-based pathways, applied technology training, and regional innovation ecosystems are expanding opportunity while strengthening national competitiveness. From talent pipelines and public-private collaboration to the role of fast-growing tech companies in workforce development, this session positions talent not simply as labor, but as national infrastructure.\" \/>\n<meta property=\"og:url\" content=\"https:\/\/emergeamericas.com\/es\/session\/talent-as-national-infrastructure-building-the-workforce-powering-americas-innovation-economy\/\" \/>\n<meta property=\"og:site_name\" content=\"eMerge Americas\" \/>\n<meta property=\"article:publisher\" content=\"https:\/\/www.facebook.com\/emergeamericas\" \/>\n<meta property=\"article:modified_time\" content=\"2026-04-26T07:26:56+00:00\" \/>\n<meta property=\"og:image\" content=\"https:\/\/emergeamericas.com\/wp-content\/uploads\/2019\/09\/share-logo.png\" \/>\n\t<meta property=\"og:image:width\" content=\"600\" \/>\n\t<meta property=\"og:image:height\" content=\"600\" \/>\n\t<meta property=\"og:image:type\" content=\"image\/png\" \/>\n<meta name=\"twitter:card\" content=\"summary_large_image\" \/>\n<meta name=\"twitter:site\" content=\"@emergeamericas\" \/>\n<script type=\"application\/ld+json\" class=\"yoast-schema-graph\">{\"@context\":\"https:\\\/\\\/schema.org\",\"@graph\":[{\"@type\":\"WebPage\",\"@id\":\"https:\\\/\\\/emergeamericas.com\\\/session\\\/talent-as-national-infrastructure-building-the-workforce-powering-americas-innovation-economy\\\/\",\"url\":\"https:\\\/\\\/emergeamericas.com\\\/session\\\/talent-as-national-infrastructure-building-the-workforce-powering-americas-innovation-economy\\\/\",\"name\":\"Talent as National Infrastructure: Building the Workforce Powering America\u2019s Innovation Economy - eMerge Americas\",\"isPartOf\":{\"@id\":\"https:\\\/\\\/emergeamericas.com\\\/#website\"},\"datePublished\":\"2026-03-06T19:11:15+00:00\",\"dateModified\":\"2026-04-26T07:26:56+00:00\",\"breadcrumb\":{\"@id\":\"https:\\\/\\\/emergeamericas.com\\\/session\\\/talent-as-national-infrastructure-building-the-workforce-powering-americas-innovation-economy\\\/#breadcrumb\"},\"inLanguage\":\"es\",\"potentialAction\":[{\"@type\":\"ReadAction\",\"target\":[\"https:\\\/\\\/emergeamericas.com\\\/session\\\/talent-as-national-infrastructure-building-the-workforce-powering-americas-innovation-economy\\\/\"]}]},{\"@type\":\"BreadcrumbList\",\"@id\":\"https:\\\/\\\/emergeamericas.com\\\/session\\\/talent-as-national-infrastructure-building-the-workforce-powering-americas-innovation-economy\\\/#breadcrumb\",\"itemListElement\":[{\"@type\":\"ListItem\",\"position\":1,\"name\":\"Home\",\"item\":\"https:\\\/\\\/emergeamericas.com\\\/\"},{\"@type\":\"ListItem\",\"position\":2,\"name\":\"Sessions\",\"item\":\"https:\\\/\\\/emergeamericas.com\\\/conference-expo\\\/agenda\\\/\"},{\"@type\":\"ListItem\",\"position\":3,\"name\":\"Talent as National Infrastructure: Building the Workforce Powering America\u2019s Innovation Economy\"}]},{\"@type\":\"WebSite\",\"@id\":\"https:\\\/\\\/emergeamericas.com\\\/#website\",\"url\":\"https:\\\/\\\/emergeamericas.com\\\/\",\"name\":\"eMerge Americas\",\"description\":\"The Premier Technology Event Anchoring Miami Tech Week 2022\",\"publisher\":{\"@id\":\"https:\\\/\\\/emergeamericas.com\\\/#organization\"},\"potentialAction\":[{\"@type\":\"SearchAction\",\"target\":{\"@type\":\"EntryPoint\",\"urlTemplate\":\"https:\\\/\\\/emergeamericas.com\\\/?s={search_term_string}\"},\"query-input\":{\"@type\":\"PropertyValueSpecification\",\"valueRequired\":true,\"valueName\":\"search_term_string\"}}],\"inLanguage\":\"es\"},{\"@type\":\"Organization\",\"@id\":\"https:\\\/\\\/emergeamericas.com\\\/#organization\",\"name\":\"eMerge Americas\",\"url\":\"https:\\\/\\\/emergeamericas.com\\\/\",\"logo\":{\"@type\":\"ImageObject\",\"inLanguage\":\"es\",\"@id\":\"https:\\\/\\\/emergeamericas.com\\\/#\\\/schema\\\/logo\\\/image\\\/\",\"url\":\"https:\\\/\\\/emergeamericas.com\\\/wp-content\\\/uploads\\\/2023\\\/11\\\/emerge-logo-horiz-225.svg\",\"contentUrl\":\"https:\\\/\\\/emergeamericas.com\\\/wp-content\\\/uploads\\\/2023\\\/11\\\/emerge-logo-horiz-225.svg\",\"width\":242,\"height\":90,\"caption\":\"eMerge Americas\"},\"image\":{\"@id\":\"https:\\\/\\\/emergeamericas.com\\\/#\\\/schema\\\/logo\\\/image\\\/\"},\"sameAs\":[\"https:\\\/\\\/www.facebook.com\\\/emergeamericas\",\"https:\\\/\\\/x.com\\\/emergeamericas\",\"https:\\\/\\\/www.instagram.com\\\/emergeamericas\\\/\",\"https:\\\/\\\/www.linkedin.com\\\/company\\\/emerge-americas\"]}]}<\/script>\n<!-- \/ Yoast SEO Premium plugin. -->","yoast_head_json":{"title":"El talento como infraestructura nacional: La creaci\u00f3n de la mano de obra que impulsa la econom\u00eda innovadora de Estados Unidos - eMerge Americas","robots":{"index":"index","follow":"follow","max-snippet":"max-snippet:-1","max-image-preview":"max-image-preview:large","max-video-preview":"max-video-preview:-1"},"canonical":"https:\/\/emergeamericas.com\/es\/session\/talent-as-national-infrastructure-building-the-workforce-powering-americas-innovation-economy\/","og_locale":"es_ES","og_type":"article","og_title":"Talent as National Infrastructure: Building the Workforce Powering America\u2019s Innovation Economy","og_description":"As global competition accelerates and emerging technologies reshape industries, talent has become one of the nation\u2019s most critical strategic assets. In this cross-sector conversation, Madeline Pumariega, President of Miami Dade College, Florida Secretary of Commerce J. Alex Kelly, and Rania Succar, CEO of Kaseya, explore how education systems, economic development strategy, and private-sector innovation are aligning to build the workforce powering America\u2019s innovation economy. Moderated by Jaret Davis of Greenberg Traurig, the discussion examines how skills-based pathways, applied technology training, and regional innovation ecosystems are expanding opportunity while strengthening national competitiveness. From talent pipelines and public-private collaboration to the role of fast-growing tech companies in workforce development, this session positions talent not simply as labor, but as national infrastructure.","og_url":"https:\/\/emergeamericas.com\/es\/session\/talent-as-national-infrastructure-building-the-workforce-powering-americas-innovation-economy\/","og_site_name":"eMerge Americas","article_publisher":"https:\/\/www.facebook.com\/emergeamericas","article_modified_time":"2026-04-26T07:26:56+00:00","og_image":[{"width":600,"height":600,"url":"https:\/\/emergeamericas.com\/wp-content\/uploads\/2019\/09\/share-logo.png","type":"image\/png"}],"twitter_card":"summary_large_image","twitter_site":"@emergeamericas","schema":{"@context":"https:\/\/schema.org","@graph":[{"@type":"WebPage","@id":"https:\/\/emergeamericas.com\/session\/talent-as-national-infrastructure-building-the-workforce-powering-americas-innovation-economy\/","url":"https:\/\/emergeamericas.com\/session\/talent-as-national-infrastructure-building-the-workforce-powering-americas-innovation-economy\/","name":"El talento como infraestructura nacional: La creaci\u00f3n de la mano de obra que impulsa la econom\u00eda innovadora de Estados Unidos - eMerge Americas","isPartOf":{"@id":"https:\/\/emergeamericas.com\/#website"},"datePublished":"2026-03-06T19:11:15+00:00","dateModified":"2026-04-26T07:26:56+00:00","breadcrumb":{"@id":"https:\/\/emergeamericas.com\/session\/talent-as-national-infrastructure-building-the-workforce-powering-americas-innovation-economy\/#breadcrumb"},"inLanguage":"es","potentialAction":[{"@type":"ReadAction","target":["https:\/\/emergeamericas.com\/session\/talent-as-national-infrastructure-building-the-workforce-powering-americas-innovation-economy\/"]}]},{"@type":"BreadcrumbList","@id":"https:\/\/emergeamericas.com\/session\/talent-as-national-infrastructure-building-the-workforce-powering-americas-innovation-economy\/#breadcrumb","itemListElement":[{"@type":"ListItem","position":1,"name":"Home","item":"https:\/\/emergeamericas.com\/"},{"@type":"ListItem","position":2,"name":"Sessions","item":"https:\/\/emergeamericas.com\/conference-expo\/agenda\/"},{"@type":"ListItem","position":3,"name":"Talent as National Infrastructure: Building the Workforce Powering America\u2019s Innovation Economy"}]},{"@type":"WebSite","@id":"https:\/\/emergeamericas.com\/#website","url":"https:\/\/emergeamericas.com\/","name":"eMerge Am\u00e9ricas","description":"El principal evento tecnol\u00f3gico de la Miami Tech Week 2022","publisher":{"@id":"https:\/\/emergeamericas.com\/#organization"},"potentialAction":[{"@type":"SearchAction","target":{"@type":"EntryPoint","urlTemplate":"https:\/\/emergeamericas.com\/?s={search_term_string}"},"query-input":{"@type":"PropertyValueSpecification","valueRequired":true,"valueName":"search_term_string"}}],"inLanguage":"es"},{"@type":"Organization","@id":"https:\/\/emergeamericas.com\/#organization","name":"eMerge Am\u00e9ricas","url":"https:\/\/emergeamericas.com\/","logo":{"@type":"ImageObject","inLanguage":"es","@id":"https:\/\/emergeamericas.com\/#\/schema\/logo\/image\/","url":"https:\/\/emergeamericas.com\/wp-content\/uploads\/2023\/11\/emerge-logo-horiz-225.svg","contentUrl":"https:\/\/emergeamericas.com\/wp-content\/uploads\/2023\/11\/emerge-logo-horiz-225.svg","width":242,"height":90,"caption":"eMerge Americas"},"image":{"@id":"https:\/\/emergeamericas.com\/#\/schema\/logo\/image\/"},"sameAs":["https:\/\/www.facebook.com\/emergeamericas","https:\/\/x.com\/emergeamericas","https:\/\/www.instagram.com\/emergeamericas\/","https:\/\/www.linkedin.com\/company\/emerge-americas"]}]}},"_links":{"self":[{"href":"https:\/\/emergeamericas.com\/es\/wp-json\/wp\/v2\/session\/60341","targetHints":{"allow":["GET"]}}],"collection":[{"href":"https:\/\/emergeamericas.com\/es\/wp-json\/wp\/v2\/session"}],"about":[{"href":"https:\/\/emergeamericas.com\/es\/wp-json\/wp\/v2\/types\/session"}],"wp:attachment":[{"href":"https:\/\/emergeamericas.com\/es\/wp-json\/wp\/v2\/media?parent=60341"}],"wp:term":[{"taxonomy":"post_tag","embeddable":true,"href":"https:\/\/emergeamericas.com\/es\/wp-json\/wp\/v2\/tags?post=60341"},{"taxonomy":"stage","embeddable":true,"href":"https:\/\/emergeamericas.com\/es\/wp-json\/wp\/v2\/stage?post=60341"},{"taxonomy":"topic","embeddable":true,"href":"https:\/\/emergeamericas.com\/es\/wp-json\/wp\/v2\/topic?post=60341"},{"taxonomy":"speaker-year","embeddable":true,"href":"https:\/\/emergeamericas.com\/es\/wp-json\/wp\/v2\/speaker-year?post=60341"}],"curies":[{"name":"wp","href":"https:\/\/api.w.org\/{rel}","templated":true}]}}

El talento como infraestructura nacional: La creación de la mano de obra que impulsa la economía innovadora de Estados Unidos

<p>A medida que se acelera la competencia mundial y las tecnologías emergentes reconfiguran las industrias, el talento se ha convertido en uno de los activos estratégicos más importantes del país. En esta conversación intersectorial, Madeline Pumariega, Presidenta del Miami Dade College, J. Alex Kelly, Secretario de Comercio de Florida, y Rania Succar, Directora General de Kaseya, exploran cómo los sistemas educativos, la estrategia de desarrollo económico y la innovación del sector privado se están alineando para construir la mano de obra que impulsa la economía de la innovación de Estados Unidos. Moderado por Jaret Davis, de Greenberg Traurig, el debate examina cómo los itinerarios basados en competencias, la formación en tecnología aplicada y los ecosistemas regionales de innovación están ampliando las oportunidades al tiempo que refuerzan la competitividad nacional. Desde los canales de talento y la colaboración público-privada hasta el papel de las empresas tecnológicas de rápido crecimiento en el desarrollo de la mano de obra, esta sesión sitúa el talento no sólo como mano de obra, sino como infraestructura nacional.</p>

El talento como infraestructura nacional: La creación de la mano de obra que impulsa la economía innovadora de Estados Unidos - eMerge Americas

eMerge Américas

El principal evento tecnológico de la Miami Tech Week 2022
